ulate the remainder when 14012 is divided by 3475.
112
Calculate the remainder when 13778 is divided by 6045.
1688
Calculate the remainder when 1643493 is divided by 3482.
3471
Calculate the remainder when 130116 is divided by 558.
102
What is the remainder when 1611695 is divided by 48838?
41
What is the remainder when 511090 is divided by 1516?
198
Calculate the remainder when 1994108 is divided by 5404.
32
What is the remainder when 293316 is divided by 959?
821
What is the remainder when 140120 is divided by 46682?
74
Calculate the remainder when 7612230 is divided by 7612194.
36
What is the remainder when 11174095 is divided by 9742?
21
Calculate the remainder when 501182 is divided by 28.
10
Calculate the remainder when 3316007 is divided by 1105282.
161
Calculate the remainder when 36979797 is divided by 30.
27
Calculate the remainder when 4792935 is divided by 1597633.
36
What is the remainder when 53893 is divided by 4134?
151
Calculate the remainder when 526451 is divided by 75201.
44
Calculate the remainder when 50574632 is divided by 165.
152
Calculate the remainder when 11669065 is divided by 34833.
10
What is the remainder when 160952 is divided by 7311?
110
Calculate the remainder when 9830 is divided by 9329.
501
What is the remainder when 780290 is divided by 390143?
4
What is the remainder when 683246 is divided by 1176?
1166
What is the remainder when 52820267 is divided by 12?
11
Calculate the remainder when 4724545 is divided by 62.
21
Calculate the remainder when 2464958 is divided by 2114.
34
What is the remainder when 119928286 is divided by 3824?
3822
What is the remainder when 2906487 is divided by 690?
207
Calculate the remainder when 1660142 is divided by 121.
22
Calculate the remainder when 582323 is divided by 332.
327
Calculate the remainder when 19056938 is divided by 91.
82
Calculate the remainder when 3227596 is divided by 1613791.
14
What is the remainder when 78805 is divided by 2171?
649
What is the remainder when 33564408 is divided by 111?
6
What is the remainder when 81644208 is divided by 3145?
8
What is the remainder when 52018859 is divided by 1106783?
58
What is the remainder when 58057292 is divided by 3225404?
20
Calculate the remainder when 105404656 is divided by 89.
87
Calculate the remainder when 655867 is divided by 218606.
49
Calculate the remainder when 475284 is divided by 95049.
39
Calculate the remainder when 860623 is divided by 5317.
4586
What is the remainder when 6795973 is divided by 698?
245
What is the remainder when 233632846 is divided by 4721?
4719
Calculate the remainder when 338621 is divided by 2517.
1343
Calculate the remainder when 2053652 is divided by 221.
120
Calculate the remainder when 31910487 is divided by 52.
11
What is the remainder when 127431 is divided by 40?
31
Calculate the remainder when 968063 is divided by 138291.
26
Calculate the remainder when 157995 is divided by 34.
31
What is the remainder when 186616 is divided by 93267?
82
Calculate the remainder when 4480347 is divided by 144527.
10
Calculate the remainder when 5624216 is divided by 432627.
65
What is the remainder when 1537579 is divided by 1537483?
96
What is the remainder when 1406384 is divided by 139?
121
What is the remainder when 79882191 is divided by 122?
7
Calculate the remainder when 237593 is divided by 4947.
137
What is the remainder when 10205311 is divided by 298?
3
What is the remainder when 294993 is divided by 97858?
1419
What is the remainder when 214637 is divided by 1786?
317
Calculate the remainder when 271754212 is divided by 2703.
2701
Calculate the remainder when 1391461 is divided by 463785.
106
What is the remainder when 3976886 is divided by 331390?
206
Calculate the remainder when 1241208 is divided by 310301.
4
Calculate the remainder when 5634202 is divided by 1979.
1968
Calculate the remainder when 32008 is divided by 32004.
4
What is the remainder when 213609043 is divided by 613?
611
Calculate the remainder when 18524295 is divided by 2418.
2415
What is the remainder when 36301838 is divided by 227?
225
What is the remainder when 351262 is divided by 58482?
370
What is the remainder when 12273343 is divided by 721960?
23
Calculate the remainder when 853778 is divided by 64.
18
What is the remainder when 29398 is divided by 9769?
91
What is the remainder when 80089914 is divided by 14?
2
What is the remainder when 96355 is divided by 96029?
326
What is the remainder when 80545 is divided by 26557?
874
What is the remainder when 73630 is divided by 36620?
390
Calculate the remainder when 105869 is divided by 2205.
29
What is the remainder when 272392 is divided by 225?
142
Calculate the remainder when 3543119 is divided by 899.
160
Calculate the remainder when 22987400 is divided by 2237.
2225
What is the remainder when 2887387 is divided by 48120?
187
Calculate the remainder when 73979 is divided by 36863.
253
Calculate the remainder when 2700245 is divided by 509.
0
What is the remainder when 537088 is divided by 2121?
475
What is the remainder when 26552972 is divided by 194?
192
Calculate the remainder when 1596388 is divided by 228052.
24
What is the remainder when 69013 is divided by 21147?
5572
What is the remainder when 4107711 is divided by 53?
52
Calculate the remainder when 254703 is divided by 991.
16
Calculate the remainder when 180975 is divided by 1208.
983
Calculate the remainder when 190140837 is divided by 215.
212
Calculate the remainder when 25058534 is divided by 88860.
14
Calculate the remainder when 3403592 is divided by 486224.
24
What is the remainder when 7355383 is divided by 2235?
2233
What is the remainder when 1829523 is divided by 1829474?
49
What is the remainder when 45291 is divided by 399?
204
Calculate the remainder when 6161540 is divided by 8183.
7924
Calculate the remainder when 16659303 is divided by 666372.
3
Calculate the remainder when 202394 is divided by 98230.
5934
Calculate the remainder when 37770382 is divided by 708.
706
What is the remainder when 1414559 is divided by 2586?
17
What is the remainder when 89197 is divided by 89189?
8
What is the remainder when 12491720 is divided by 31?
22
Calculate the remainder when 373170 is divided by 235.
225
What is the remainder when 9632812 is divided by 841?
839
Calculate the remainder when 39221 is divided by 1772.
237
What is the remainder when 2633297 is divided by 172?
149
What is the remainder when 81681 is divided by 38480?
4721
Calculate the remainder when 9115217 is divided by 1302105.
482
Calculate the remainder when 1419418 is divided by 32259.
22
Calculate the remainder when 283573 is divided by 487.
139
Calculate the remainder when 39050685 is divided by 444.
441
What is the remainder when 25604 is divided by 8472?
188
Calculate the remainder when 10251704 is divided by 1791.
20
Calculate the remainder when 875461 is divided by 76.
17
What is the remainder when 542677 is divided by 2020?
1317
Calculate the remainder when 5205064 is divided by 325316.
8
Calculate the remainder when 336703611 is divided by 226.
223
Calculate the remainder when 821571 is divided by 273851.
18
Calculate the remainder when 8856581 is divided by 1782.
41
What is the remainder when 1128445 is divided by 57?
16
What is the remainder when 2687690 is divided by 134384?
10
Calculate the remainder when 108284365 is divided by 12031596.
1
Calculate the remainder when 72459647 is divided by 6087.
6086
What is the remainder when 483128 is divided by 80463?
350
Calculate the remainder when 190238 is divided by 63400.
38
Calculate the remainder when 5645776 is divided by 13539.
13
Calculate the remainder when 827922 is divided by 63685.
17
What is the remainder when 6346564 is divided by 197?
12
What is the remainder when 304376 is divided by 2041?
267
Calculate the remainder when 447943446 is divided by 4067.
4066
What is the remainder when 9045609 is divided by 1809024?
489
What is the remainder when 657821 is divided by 498?
461
Calculate the remainder when 5697127 is divided by 372.
319
What is the remainder when 8116624 is divided by 275?
274
What is the remainder when 252646 is divided by 4143?
4066
What is the remainder when 1995542 is divided by 997766?
10
Calculate the remainder when 1